6.
70
Calculate the remainder when 3742702 is divided by 14.
12
What is the remainder when 2400741 is divided by 184641?
408
Calculate the remainder when 5966 is divided by 398.
394
What is the remainder when 6027813 is divided by 31893?
36
What is the remainder when 631069 is divided by 1094?
925
What is the remainder when 2065272 is divided by 29088?
24
Calculate the remainder when 10056444 is divided by 151.
146
What is the remainder when 159682 is divided by 19401?
4474
Calculate the remainder when 32974 is divided by 7181.
4250
Calculate the remainder when 1621107 is divided by 180077.
414
Calculate the remainder when 6500 is divided by 2703.
1094
What is the remainder when 345866 is divided by 35?
31
Calculate the remainder when 63539 is divided by 20656.
1571
What is the remainder when 79027 is divided by 5939?
1820
What is the remainder when 1026541 is divided by 1143?
127
Calculate the remainder when 16576734 is divided by 11900.
34
Calculate the remainder when 56401 is divided by 56304.
97
What is the remainder when 2309522 is divided by 14?
12
What is the remainder when 254989 is divided by 1603?
112
Calculate the remainder when 68954189 is divided by 1071.
1067
What is the remainder when 236649 is divided by 47243?
434
What is the remainder when 1532349 is divided by 314?
29
What is the remainder when 346201 is divided by 1286?
267
Calculate the remainder when 44456 is divided by 6196.
1084
What is the remainder when 753610 is divided by 15071?
60
Calculate the remainder when 2287419 is divided by 1919.
1890
Calculate the remainder when 57956206 is divided by 48.
46
What is the remainder when 2542682 is divided by 423776?
26
Calculate the remainder when 4461902 is divided by 16.
14
Calculate the remainder when 236517 is divided by 3154.
3121
Calculate the remainder when 73979 is divided by 36477.
1025
What is the remainder when 14621066 is divided by 2436841?
20
Calculate the remainder when 134858 is divided by 198.
20
What is the remainder when 176821 is divided by 4969?
2906
What is the remainder when 119103294 is divided by 146?
144
What is the remainder when 31873299 is divided by 11?
7
Calculate the remainder when 7298936 is divided by 10.
6
Calculate the remainder when 617260 is divided by 239.
162
What is the remainder when 2539223 is divided by 181371?
29
What is the remainder when 6490335 is divided by 2440?
2375
What is the remainder when 448938 is divided by 59?
7
Calculate the remainder when 371500 is divided by 972.
196
What is the remainder when 1279054 is divided by 265?
164
What is the remainder when 383044 is divided by 23921?
308
What is the remainder when 143355 is divided by 1339?
82
What is the remainder when 42778367 is divided by 17?
9
What is the remainder when 971386 is divided by 363?
361
What is the remainder when 1975160 is divided by 793?
590
What is the remainder when 201286 is divided by 841?
287
Calculate the remainder when 8333227 is divided by 438584.
131
Calculate the remainder when 3057 is divided by 2750.
307
What is the remainder when 15743313 is divided by 341?
25
Calculate the remainder when 2625697 is divided by 115.
17
Calculate the remainder when 1748231 is divided by 249746.
9
What is the remainder when 6868599 is divided by 1182?
1179
Calculate the remainder when 31553599 is divided by 104.
103
What is the remainder when 2018753 is divided by 201667?
2083
Calculate the remainder when 19449808 is divided by 591.
589
Calculate the remainder when 2390886 is divided by 796720.
726
What is the remainder when 1300137 is divided by 650057?
23
Calculate the remainder when 29941 is divided by 5812.
881
Calculate the remainder when 28389741 is divided by 15816.
21
Calculate the remainder when 373304991 is divided by 10369583.
3
Calculate the remainder when 157807 is divided by 26177.
745
Calculate the remainder when 1440629 is divided by 14.
1
Calculate the remainder when 202218 is divided by 20051.
1708
Calculate the remainder when 220848 is divided by 15774.
12
What is the remainder when 660269 is divided by 31398?
911
Calculate the remainder when 11362001 is divided by 873993.
92
Calculate the remainder when 1451109 is divided by 10.
9
What is the remainder when 47649406 is divided by 16?
14
Calculate the remainder when 1379900608 is divided by 1911.
1906
What is the remainder when 1117645 is divided by 46552?
397
Calculate the remainder when 1826369 is divided by 365257.
84
What is the remainder when 34883 is divided by 13184?
8515
Calculate the remainder when 8052 is divided by 6587.
1465
What is the remainder when 347503 is divided by 4?
3
Calculate the remainder when 189709 is divided by 135.
34
What is the remainder when 2906493 is divided by 234?
213
What is the remainder when 90137 is divided by 2711?
674
Calculate the remainder when 19624 is divided by 6311.
691
What is the remainder when 59531 is divided by 539?
241
Calculate the remainder when 2607603 is divided by 869151.
150
Calculate the remainder when 3637587 is divided by 86608.
51
Calculate the remainder when 23743438 is divided by 818739.
7
Calculate the remainder when 14120574 is divided by 1782.
6
What is the remainder when 248059 is divided by 27562?
1
What is the remainder when 4043 is divided by 3562?
481
Calculate the remainder when 194224 is divided by 14699.
3137
What is the remainder when 20221509 is divided by 1129?
1119
Calculate the remainder when 749377 is divided by 810.
127
What is the remainder when 462235 is divided by 3611?
27
What is the remainder when 67717289 is divided by 33858640?
9
What is the remainder when 776278 is divided by 167?
62
What is the remainder when 2128077 is divided by 246?
177
Calculate the remainder when 15359581 is divided by 3839895.
1
Calculate the remainder when 20942 is divided by 17694.
3248
Calculate the remainder when 4822647 is divided by 350.
347
What is the remainder when 383245 is divided by 20138?
623
What is the remainder when 6854576 is divided by 115?
1
Calculate the remainder when 998014 is divided by 69.
67
Calculate the remainder when 36780213 is divided by 508.
505
What is the remainder when 9416203 is divided by 214?
203
What is the remainder when 2654663 is divided by 41?
36
Calculate the remainder when 1602667 is divided by 534191.
94
Calculate the remainder when 38436 is divided by 1754.
1602
What is the remainder when 956514 is divided by 35?
34
Calculate the remainder when 27020 is divided by 260.
240
Calculate the remainder when 8387279 is divided by 3415.
39
What is the remainder when 82651 is divided by 20659?
15
Calculate the remainder when 8920296 is divided by 54.
36
What is the remainder when 5096567 is divided by 1080?
47
Calculate the remainder when 35614155 is divided by 21.
3
What is the remainder when 6193807 is divided by 258075?
7
What is the remainder when 66829 is divided by 318?
49
Calculate the remainder when 57220509 is divided by 6.
3
What is the remainder when 100916235 is divided by 94?
91
What is the remainder when 1756352 is divided by 16?
0
What is the remainder when 80359 is divided by 19095?
3979
Calculate the remainder when 108679 is divided by 10803.
649
What is the remainder when 2950948 is divided by 6292?
0
What is the remainder when 48283206 is divided by 700?
6
Calculate the remainder when 1828644 is divided by 30993.
57
What is the remainder when 348428 is divided by 4099?
13
Calculate the remainder when 67183264 is divided by 22283.
19
What is the remainder when 22036834 is divided by 983?
923
What is the remainder when 22614223 is divided by 11307105?
13
Calculate the remainder when 1094117 is divided by 364619.
260
What is the remainder when 203585 is divided by 245?
235
What is the remainder when 605749 is divided by 170?
39
Calculate the remainder when 13704 is divided by 6721.
262
Calculate the remainder when 6422057 is divided by 6422037.
20
What is the remainder when 19565463 is divided by 62?
61
Calculate the remainder when 2602188 is divided by 2062.
2006
Calculate the remainder when 1105723 is divided by 1075.
623
Calculate the remainder when 656418 is divided by 1700.
218
Calculate the remainder when 7525399 is divided by 451.
13
Calculate the remainder when 39708252 is divided by 143.
12
What is the remainder